{"id":191,"date":"2024-06-20T20:30:27","date_gmt":"2024-06-20T18:30:27","guid":{"rendered":"https:\/\/www.snca-nat.fr\/arsa\/?page_id=191"},"modified":"2024-06-21T17:38:22","modified_gmt":"2024-06-21T15:38:22","slug":"le-snca-eil","status":"publish","type":"page","link":"https:\/\/www.snca-nat.fr\/arsa\/le-snca-eil\/","title":{"rendered":"Le SNCA eiL"},"content":{"rendered":"\n<p class=\"has-text-align-left\">Cr\u00e9\u00e9 par <strong>Fran\u00e7oise Roche <\/strong>et mis en ligne par son fid\u00e8le webmestre, son site vous d\u00e9voilera une des nombreuses facettes de celle que je connais depuis plus de vingt ans !<br><br>\u00ab\u00a0<strong>Arsa<\/strong>\u00a0\u00bb est son nom d&rsquo;Amazone de la d\u00e9fense de la La\u00efcit\u00e9 et des droits et devoirs de la R\u00e9publique fran\u00e7aise qu&rsquo;elle d\u00e9fend avec conviction toutes griffes dehors.<\/p>\n\n\n\n<p class=\"has-text-align-center\"><br><img loading=\"lazy\" decoding=\"async\" width=\"450\" height=\"253\" class=\"wp-image-193\" style=\"width: 450px;\" src=\"https:\/\/www.snca-nat.fr\/arsa\/wp-content\/uploads\/2024\/06\/une-amazone-warrior-1024x576-1.jpg\" alt=\"\" srcset=\"https:\/\/www.snca-nat.fr\/arsa\/wp-content\/uploads\/2024\/06\/une-amazone-warrior-1024x576-1.jpg 1024w, https:\/\/www.snca-nat.fr\/arsa\/wp-content\/uploads\/2024\/06\/une-amazone-warrior-1024x576-1-300x169.jpg 300w, https:\/\/www.snca-nat.fr\/arsa\/wp-content\/uploads\/2024\/06\/une-amazone-warrior-1024x576-1-768x432.jpg 768w\" sizes=\"auto, (max-width: 450px) 100vw, 450px\" \/><br><\/p>\n\n\n\n<p class=\"has-text-align-center\">Son site ayant un lien vers son blog, il normal que son Blog vous offre un lien ver son site :<br><a href=\"http:\/\/www.snca-nat.fr\/\">http:\/\/www.snca-nat.fr\/<\/a><\/p>\n\n\n\n<blockquote class=\"wp-block-quote is-layout-flow wp-block-quote-is-layout-flow\">\n<p class=\"has-text-align-right\"><strong><em>Le webmestre<\/em><\/strong><\/p>\n<\/blockquote>\n","protected":false},"excerpt":{"rendered":"<p>Cr\u00e9\u00e9 par Fran\u00e7oise Roche et mis en ligne par son fid\u00e8le webmestre, son site vous d\u00e9voilera une des nombreuses facettes de celle que je connais depuis plus de vingt ans ! \u00ab\u00a0Arsa\u00a0\u00bb est son nom d&rsquo;Amazone de la d\u00e9fense de la La\u00efcit\u00e9 et des droits et devoirs de la R\u00e9publique fran\u00e7aise qu&rsquo;elle d\u00e9fend avec conviction &hellip; <a href=\"https:\/\/www.snca-nat.fr\/arsa\/le-snca-eil\/\" class=\"more-link\">Continuer la lecture de <span class=\"screen-reader-text\">Le SNCA eiL<\/span> <span class=\"meta-nav\">&rarr;<\/span><\/a><\/p>\n","protected":false},"author":1,"featured_media":0,"parent":0,"menu_order":0,"comment_status":"closed","ping_status":"closed","template":"","meta":{"footnotes":""},"class_list":["post-191","page","type-page","status-publish","hentry"],"_links":{"self":[{"href":"https:\/\/www.snca-nat.fr\/arsa\/wp-json\/wp\/v2\/pages\/191","targetHints":{"allow":["GET"]}}],"collection":[{"href":"https:\/\/www.snca-nat.fr\/arsa\/wp-json\/wp\/v2\/pages"}],"about":[{"href":"https:\/\/www.snca-nat.fr\/arsa\/wp-json\/wp\/v2\/types\/page"}],"author":[{"embeddable":true,"href":"https:\/\/www.snca-nat.fr\/arsa\/wp-json\/wp\/v2\/users\/1"}],"replies":[{"embeddable":true,"href":"https:\/\/www.snca-nat.fr\/arsa\/wp-json\/wp\/v2\/comments?post=191"}],"version-history":[{"count":5,"href":"https:\/\/www.snca-nat.fr\/arsa\/wp-json\/wp\/v2\/pages\/191\/revisions"}],"predecessor-version":[{"id":200,"href":"https:\/\/www.snca-nat.fr\/arsa\/wp-json\/wp\/v2\/pages\/191\/revisions\/200"}],"wp:attachment":[{"href":"https:\/\/www.snca-nat.fr\/arsa\/wp-json\/wp\/v2\/media?parent=191"}],"curies":[{"name":"wp","href":"https:\/\/api.w.org\/{rel}","templated":true}]}}